 greatest common factor of 15 and h.
5
Suppose 3*f + 4*b = f - 12, -b - 21 = -4*f. Suppose -20 = f*h - 80. Suppose 2*v = 6, -2*v = 4*d - 6 - 24. What is the highest common divisor of d and h?
3
Let u(v) = 2*v - 1. Let x be u(2). Suppose -x*i = 5*g - 8*i - 190, i = -4*g + 157. Calculate the greatest common factor of 26 and g.
13
Suppose x = 21 - 9. Calculate the highest common divisor of x and 108.
12
Suppose 3*x - 90 = -0*x. Let r be 2/5 + 168/30. What is the highest common factor of r and x?
6
Suppose 3*q - 25 = -5*p, 26 = 3*p - q + 5*q. Suppose 3*c - c = -d + 5, 3*d + p*c = 23. What is the highest common factor of 9 and d?
9
Let w(k) = k**3 + 9*k**2 - 10*k + 16. Let m be w(-10). Let z = 14 + -6. Calculate the highest common divisor of m and z.
8
Let q be (-8)/14 - (-583)/77. Calculate the highest common factor of 21 and q.
7
Let d(m) be the second derivative of m**4/12 + m**3/6 + m**2 - 2*m. Let v be d(-7). Suppose -3*r + v = r. What is the highest common factor of 44 and r?
11
Let b be 9/((-189)/(-28))*30/4. Calculate the highest common divisor of b and 170.
10
Let q = 413 + -278. What is the highest common divisor of 27 and q?
27
Suppose -3*u + 0*u + 5*h + 57 = 0, 4*u - h = 59. Calculate the greatest common divisor of u and 112.
14
Let n be ((-24)/9 + -2)*-3. Let a = 76 + -34. What is the greatest common divisor of a and n?
14
Let b be (-1160)/(-56) - (-4)/14. Calculate the highest common divisor of 147 and b.
21
Suppose -2*i = -3*i + 1. What is the highest common divisor of i and 2?
1
Let s = 1 - -4. Let a = -13 + 28. What is the highest common factor of s and a?
5
Let a be (-4)/6 - 21/9. Let p = 1 - a. Let h = 4 - 2. What is the highest common divisor of h and p?
2
Suppose -6*y - 8 + 116 = 0. What is the greatest common factor of y and 27?
9
Suppose 2*w = -0*w + 12. Let r(q) = 19*q + 3 + 24*q - 26*q - 2. Let d be r(1). Calculate the greatest common factor of d and w.
6
Let o be -2 + 5 + -2 - -46. Calculate the highest common factor of 517 and o.
47
Let t(q) be the third derivative of 2*q**5/15 - q**4/12 - q**3/2 + 3*q**2. Let n be t(5). What is the highest common divisor of 17 and n?
17
Suppose 2*k + 3 - 65 = -4*r, r + 2*k - 8 = 0. Suppose -5*v + 58 = r. Calculate the greatest common divisor of 56 and v.
8
Let q be -3*10*5/(-5). What is the highest common divisor of q and 12?
6
Let z(b) = b**3 + 8*b**2 - 2*b - 11. Let n be z(-8). Suppose -3*a + 3 = -p + n, -3*p - 2*a = -17. Calculate the highest common divisor of 2 and p.
1
Suppose -3*r + v = -2*v + 36, 3*r + 2*v = -16. Let l be ((-18)/r)/(7/28). What is the highest common divisor of l and 72?
9
Suppose -4*n + 4*d = -12, 0 = 2*n - d - 4. What is the greatest common factor of n and 2?
1
Suppose -3*u + 5*n = 2, -4*u + 4*n + 8 = -0*n. Calculate the highest common divisor of u and 10.
2
Let s(q) = -6*q - 126. Let o be s(-23). Suppose -4*a + 5*l - 3*l + 38 = 0, -4*l = 3*a - 56. What is the highest common divisor of o and a?
12
Let o(x) = -x**3 + 3*x**2 + x + 2. Let c be o(3). Calculate the highest common divisor of 20 and c.
5
Let r(d) = 2*d**2 - d + 1. Let z be r(1). Let s(p) = -p**3 - 8*p**2 - 9*p + 2. Let h be s(-7). Let f = -2 + h. Calculate the greatest common divisor of f and z.
2
Suppose 5*m + u - 279 + 32 = 0, 0 = -m - 4*u + 38. Suppose -3*y - l + 153 = -71, -2*y - 5*l = -145. What is the highest common factor of y and m?
25
Let z be ((-15)/(-9))/((-4)/(-24)). Suppose -5*n = -4*n - z. Calculate the highest common divisor of n and 30.
10
Let x(p) = 3*p**2 + 2*p + 8. Suppose 4*z = -4*c + 12, -4*c + 18 = 4*z - 6*c. Let k be x(z). Calculate the greatest common divisor of k and 8.
8
Let l(f) = 3*f**2 - 7*f - 8. Let t be l(7). Suppose 2*i + 8 = 6*i. Suppose p - 6*p - 61 = -2*x, -x - i*p = -8. Calculate the highest common factor of x and t.
18
Suppose -4*u + 5*c = -35, u - 2*c - c - 7 = 0. Let b(n) = -n**3 + 5*n**2 - 2*n - 2. Let j be b(3). What is the greatest common factor of u and j?
10
Let j(u) = u**3 - 7*u**2 - 2*u + 30. Let s be j(7). What is the highest common divisor of 24 and s?
8
Let y = 1 - -23. What is the greatest common factor of 8 and y?
8
Let x = 124 + -113. Calculate the greatest common divisor of 209 and x.
11
Suppose 4*h = 8 + 24. What is the greatest common divisor of h and 1?
1
Let t be 64 + (2 - -1) + 1. What is the highest common factor of t and 4?
4
Suppose -5*f + 5*g + 125 = 0, 19 + 28 = 2*f - g. Let u be ((-4)/6)/(50/(-2475)) - 0. What is the highest common divisor of f and u?
11
Suppose 4*s + 17 = -3. Let p = 50 + s. Let n = -4 - -22. Calculate the greatest common factor of p and n.
9
Let x = 98 - 97. Calculate the highest common divisor of 2 and x.
1
Let n = -9 - -10. Suppose 4 = 2*y + 3*x - n, 4*x + 24 = 5*y. Suppose -5*j = -3*s + 98, 2*s + y*j - 70 = 5*j. Calculate the greatest common divisor of s and 4.
4
Let r = 3 - 2. Let u(p) = -r - 1 - 2*p**2 + 3*p**2 - 5*p. Let f be u(-3). What is the greatest common divisor of 11 and f?
11
Suppose 5*p - 89 = 106. Calculate the greatest common factor of 3 and p.
3
Suppose 0 = -3*y + 3. Let v = y + 4. What is the greatest common factor of v and 2?
1
Let b = 119 - 83. Let g(d) = 2*d**2 - 9*d + 6. Let f be g(6). Calculate the highest common factor of b and f.
12
Suppose -2*v = -0*v - 4. Suppose -8 = -4*g + v*t, -2*g - 2*g - 5*t = -8. Suppose g*j = j + 54. What is the greatest common divisor of j and 36?
18
Let v(z) = 2*z + 5. Let y be v(0). Let u = 25 - y. Calculate the highest common factor of 20 and u.
20
Suppose -67 = -5*u - 2. What is the highest common factor of u and 26?
13
Let x be (16/(-6))/(1/(-3)). Suppose -2*t - 2 = -6. Let p be (66/8)/(t/x). Calculate the highest common divisor of 11 and p.
11
Let d be (-5 - -6)/((-2)/(-6)). Let t be (-2)/d*126*-1. Calculate the greatest common factor of 12 and t.
12
Suppose 0 = 3*g + x - 27, 0*x = g + 5*x + 5. Calculate the greatest common divisor of g and 50.
10
Suppose 0 = s - 1 - 0. Suppose k - s - 1 = 0. Let l(u) = -u**2 + 5*u - 1. Let w be l(3). What is the greatest common factor of w and k?
1
Suppose 5*l = 2847 - 847. Let g be 18/(-12)*l/(-6). Let m = g - 64. What is the highest common factor of 9 and m?
9
Let n be 3/1 + -7 + 14. Let l(j) = j**2 + 5. Suppose -s + 0*s = 0. Let d be l(s). What is the highest common factor of d and n?
5
Suppose -4*g + 75 = g. What is the greatest common factor of g and 15?
15
Let d(h) = -4*h - 10. Let f be d(-10). Calculate the greatest common factor of f and 10.
10
Suppose 3*d - 5 = 2*u - 3*u, 0 = d - 5*u - 7. What is the highest common divisor of 10 and d?
2
Let y(r) = -2*r + 4. Let g be y(0). Suppose 3*o - 4*a = 63, g*a + 119 = 5*o + 2*a. What is the highest common factor of o and 10?
5
Let g = 55 - 21. Let y(v) = v**2 + 3*v - 6. Let a be y(5). Suppose 4*q - 162 = -4*d + a, 253 = 5*d + q. What is the greatest common divisor of g and d?
17
Let c = 11 - -45. What is the highest common divisor of c and 14?
14
Suppose 4*j + 8 = 6*j. Let c(b) = -3*b**3 + 4 + 2 + j*b - 2*b**2 + 2*b**3. Let z be c(-4). Calculate the highest common factor of 55 and z.
11
Let m(f) = f - 1. Let t be m(-7). Let z(d) = -d**3 - 9*d**2 - 11*d - 8. Let o be z(t). What is the greatest common divisor of o and 16?
16
Let x(k) = 24*k. Let h be x(6). Let c be (h/45)/((-4)/(-10)). What is the highest common factor of 40 and c?
8
Let x = 22 + -13. Suppose -21 - x = -5*g. Let p = 10 - g. Calculate the highest common divisor of p and 1.
1
Let t = 221 + -134. What is the highest common factor of 29 and t?
29
Let g be 1 - (3/(-3) + 15). Let c = g - -18. Let q(u) = u**3 - 4*u**2 + 5*u - 2. Let v be q(c). Calculate the greatest common factor of 32 and v.
16
Let m = 6 - 2. Suppose l - b - 5 = 0, -m*b - 16 = -0*b. Calculate the highest common factor of l and 1.
1
Let j = -25 - 2. Let c = -18 - j. Calculate the greatest common divisor of 27 and c.
9
Suppose 2*q - 60 = -2*q. What is the highest common divisor of q and 6?
3
Suppose 0*i + i = 4. Suppose -3*n = -2*n + 1. Let c = i - n. What is the greatest common factor of c and 25?
5
Suppose 10 = -0*g - 2*g, 2*q = 2*g. Let t = -2 - q. Calculate the highest common factor of t and 33.
3
Let p(o) = -2*o - 5. Let s be p(7). Let x = 7 - s. Calculate the highest common factor of x and 39.
13
Let k = 3 + -5. Let s be (-44)/k + 4/2. Calculate 